ided by u?
2
Let d = 17032 + -16911. What is the remainder when 273 is divided by d?
31
Let p(r) = r. Let y(g) = -196*g + 2. Let h(j) = 4*p(j) + y(j). Let w be h(-1). Let z = w - 125. Calculate the remainder when z is divided by 35.
34
What is the remainder when 51/27 + -2 - 56112/(-54) is divided by 26?
25
Suppose 17*y - 188 + 2806 = 0. Let k = 176 + y. Calculate the remainder when 724 is divided by k.
20
What is the remainder when 1414 is divided by (3 + -5 - -521)/(24/16 - 0)?
30
Let m be (2584/(-85))/((-2)/(-10)). Let j = -138 - m. What is the remainder when 95 is divided by j?
11
Suppose -2*h + 12 + 18 = -4*u, 3*u + 33 = 3*h. Suppose 23*a - 391 = 6*a. Suppose -6*w - a = -89. Calculate the remainder when w is divided by h.
4
Let m(k) = k**3 + 4*k**2 + 7*k + 4. Let f be m(-6). Let a = 234 - 228. Calculate the remainder when (-4)/12 + f*a/(-9) is divided by 15.
13
Suppose 3699 = 1329*z - 1320*z. Calculate the remainder when z is divided by 16.
11
Calculate the remainder when 1507 is divided by (6/7)/((-159810)/19992 - -8).
11
Let c(u) = u**3 - 14*u**2 + 54*u - 19. Suppose -9*y + 270 = -531. Calculate the remainder when y is divided by c(8).
2
Let c(t) = -t**3 - 9*t**2 + 24*t - 17. What is the remainder when 448 is divided by c(-12)?
67
Let f = -9258 + 9553. Calculate the remainder when f is divided by 22.
9
Suppose 26*s - 70 = 8. Calculate the remainder when (-9628)/(-174) - 4/s is divided by 20.
14
Suppose -5*u + u + 3*y = -56, 4*y - 39 = -5*u. Let m = u + -4. Calculate the remainder when 27 is divided by m + ((-6)/10)/(6/(-30)).
7
Let r(v) = 11*v - 5. Suppose m - 2*m = 2*h - 29, 5*h - 71 = -m. Let k(z) = 6*z - 51. Calculate the remainder when r(6) is divided by k(h).
28
Suppose -4*u = -16 + 4. Let i = 322 - 318. Suppose 6*a + 6 = z + 2*a, 2*a = i*z - 10. Calculate the remainder when u is divided by z.
1
Suppose -104 = -24*c - 8. What is the remainder when 431 is divided by c?
3
Suppose 238*s = 243*s - 155. Suppose -5*b + 3*z - 1 = -65, -s = -2*b + 3*z. What is the remainder when 12 is divided by b?
1
Suppose 5*t + 3125 = -2*l + 6*l, 0 = -4*t - 20. Let v = 1172 - l. What is the remainder when v is divided by 50?
47
Suppose -4*q = -5*o - 34, q - o + 6*o - 21 = 0. Calculate the remainder when 4091 is divided by q.
10
Suppose -16*i = 39*i - 3746 - 3789. What is the remainder when i is divided by 47?
43
Suppose 3*y = -2*d + 2*y + 90, -d - 4*y = -59. Suppose -5*k + 308 = d. Let q = k - 46. What is the remainder when 11 is divided by q?
4
Suppose -361 + 1425 = 7*o. Calculate the remainder when 614 is divided by o.
6
Let k be 1 - ((-490)/(-40))/((-2)/(-336)). Let l be 0 + (-2)/10 + k/(-85). Let x = -21 + l. Calculate the remainder when 8 is divided by x.
2
Suppose 21*k - 1360 = 1601. Let n = k - 116. Calculate the remainder when 146 is divided by n.
21
Let k = -191 - -227. Suppose -5*g = l - 4, 2*l - 19*g + 15*g - k = 0. Calculate the remainder when 38 is divided by l.
10
Let a = -31021 - -31064. Calculate the remainder when 4261 is divided by a.
4
Suppose -2*r - 41*h = -37*h - 186, -360 = -4*r - 2*h. Calculate the remainder when r is divided by 64.
25
What is the remainder when ((-1720860)/(-2001))/(1 - -1*1) is divided by 363?
67
Suppose -8*x - 16 = -9*x. Let c be 0 - ((-9)/3 - -3). Suppose -k = -3*z - 8, c = 5*k - z + 2*z - 24. Calculate the remainder when x is divided by k.
1
Let r = -144 + 186. Suppose -3*k + 243 = r. What is the remainder when k is divided by ((-102)/18)/((-2)/6)?
16
Let w(p) = -8*p - 30. Let u be w(-19). Let h = u - 63. Let o = -44 + h. What is the remainder when 43 is divided by o?
13
Let c = 163 + -155. Suppose -c*h + 99 = -77. What is the remainder when 70 is divided by h?
4
Let u(b) = -44*b - 1646. Calculate the remainder when 2573 is divided by u(-38).
25
Let o = 21522 + -19147. Calculate the remainder when o is divided by 149.
140
Let c(v) = 21*v**2 - 2*v - 3. Let n = 19840 + -19589. Calculate the remainder when n is divided by c(-2).
81
Suppose -15 = -4*s + 57. Let k = -223 + 404. Suppose -160 = 176*f - k*f. What is the remainder when f is divided by s?
14
Let a = 2629 + -1519. What is the remainder when a is divided by 4?
2
Suppose -5*j + 91 = 3*i, 8*i - 18 = -i. What is the remainder when 161 is divided by j?
8
Let r = -46 - -86. Suppose 52 + 44 = 8*w - 24. Calculate the remainder when r is divided by w.
10
Suppose 26*a = 23*a + 12, a = -5*d + 1554. What is the remainder when d is divided by 84?
58
Let c(d) = d**3 + 16*d**2 + 13*d + 10. Let n be c(-15). Let k be (-28)/(-154) + n/22. Calculate the remainder when 2 + k - 324/(-4) is divided by 8.
5
Let z(p) = 122*p + 1593. Suppose 0 = -3*q - 2*q + 480. Calculate the remainder when q is divided by z(-13).
5
Suppose -3*x + 644 = 5*d, d + 2*x + 3*x = 120. Let f = -56 + d. Calculate the remainder when f is divided by 28.
18
Suppose 8*w - 3*w - 25 = 0. Suppose 4*q - 5*i + 43 - 308 = 0, 0 = -w*q + i + 305. Calculate the remainder when 237 is divided by q.
57
Suppose 6*d - 47 = 43. Let t be (-5)/8*34 + d/(-20). Calculate the remainder when 52 is divided by (t/(-12) + 8/(-6))*36.
16
Let r(h) = -h + 110. Let j be r(0). Suppose 439 - j = 7*s. What is the remainder when s is divided by 13?
8
Let j = -43 + 38. Let p be (-12)/((j - -1) + 2). Suppose -d + 371 = p*d. Calculate the remainder when d is divided by 11.
9
Let m be 657/12 - 2/(-8). Let k be 2*1*205/(-10). Let j = k + m. What is the remainder when 26 is divided by j?
12
Let b = 443 + -440. Suppose 3*d - 3*g = 66, 2*d - 5*g = 38 - b. What is the remainder when 187/4 + 2/8 is divided by d?
22
Let l(x) = 3*x**2 - 11*x**2 + 9*x**2 - 14*x - 4. Calculate the remainder when l(16) is divided by 15.
13
Let v(p) = 1. Let b(a) = -a**3 - 8*a**2 - 7*a + 3. Let l(k) = b(k) + 6*v(k). What is the remainder when l(-7) is divided by (-1 - 0) + 3 + 2?
1
Let i = 7 - -8. Let a be (28*-1)/((-6)/3). Let w(v) = -v**3 + 15*v**2 - 8*v + 4. What is the remainder when w(a) is divided by i?
13
Let f(d) = d. Let v(g) = 185. Let w(k) = 2*f(k) + v(k). Calculate the remainder when w(-12) is divided by 43.
32
Let s = -8647 + 8652. Calculate the remainder when 771 is divided by s.
1
Suppose -2312 = i + 5*q - 2*q, -2*q = 2*i + 4624. What is the remainder when 34/(-119) + i/(-7) is divided by 37?
34
Suppose 2571 - 549 = 3*o. What is the remainder when 2033 is divided by o?
11
Let u = 402 - 368. Suppose 22*b - 42 = 20*b. What is the remainder when u is divided by b?
13
Suppose 5*x + 16 = x. Let q = 37 + 0. Let h = q + x. Calculate the remainder when 163 is divided by h.
31
Let t be (-3)/5*(16 + 9306/(-11)). Let y = -479 + t. Calculate the remainder when 59 is divided by y.
2
Let t(w) = w**2 + 28*w - 98. Let r be t(-30). Let u = r + 73. Calculate the remainder when u is divided by 28.
7
Let b = 915 + -902. What is the remainder when 373 is divided by b?
9
Let k = -14998 - -20455. What is the remainder when k is divided by 42?
39
Let n be -2*(-2 + 4) + -4. Let l(u) = -u**2 - 3*u + 49. What is the remainder when l(n) is divided by 7?
2
Let d = -1168 + 1166. Let s(o) be the first derivative of -o**4 - o**3/3 - 7*o**2/2 - 5*o + 4. What is the remainder when s(d) is divided by 4?
1
Suppose -1 = 3*o + 5, 4*a = -2*o + 32. Suppose -a*m + 793 = 55. What is the remainder when m is divided by 30?
22
Let b = 206 - 30. Let l = -121 - -126. Suppose -l*t + 1003 = 12*t. What is the remainder when b is divided by t?
58
Suppose -1777 = -5*m - 0*k + k, -5*m - k = -1783. Suppose -11*s = -370 - m. Calculate the remainder when s is divided by 17.
15
Suppose -w + 35 = 5*i, -3*w + 6*i - i + 25 = 0. Suppose 6*d + w = 417. What is the remainder when 194 is divided by d?
60
Let d(q) = q**3 + 43*q**2 - 41*q + 170. What is the remainder when 325 is divided by d(-44)?
21
Suppose 445 = -8*q + 1485. Suppose -q = -39*g - 13. Suppose 0 = 4*b - k - 62, 0 = -b - 4*k - 0 + 7. Calculate the remainder when b is divided by g.
0
Let m(h) = -6*h**3 + 6*h**2 + 32*h + 7. Let a(r) = 2*r + 2. What is the remainder when m(-3) is divided by a(3)?
7
Calculate the remainder when 781 is divided by (-151)/(-18)*4 - 144/(-324).
33
Suppose d = -2*l + 169, -5*l - 98 = -128. What is the remainder when 297 is divided by d?
140
Let o(b) = -38*b + 2. Let r(y) = y**2 - 138*y - 10573. What is the remainder when o(-